{"id":87,"date":"2021-04-15T11:39:31","date_gmt":"2021-04-15T09:39:31","guid":{"rendered":"https:\/\/deutsch-richtig.de\/?page_id=87"},"modified":"2021-10-28T08:57:40","modified_gmt":"2021-10-28T06:57:40","slug":"datenschutzerklaerung","status":"publish","type":"page","link":"https:\/\/deutsch-richtig.de\/einfache_sprache\/datenschutzerklaerung\/","title":{"rendered":"Datenschutzerkl\u00e4rung"},"content":{"rendered":"<h2><b>Datenschutzerkl\u00e4rung<\/b><\/h2>\n<p>Wir freuen uns, dass Sie unsere Website besuchen. Der Schutz und die Sicherheit Ihrer pers\u00f6nlichen Informationen bei der Nutzung unserer Website ist f\u00fcr uns sehr wichtig. Wir m\u00f6chten Sie daher an dieser Stelle dar\u00fcber informieren, welche Ihrer personenbezogenen Daten wir beim Besuch unserer Website erfassen und f\u00fcr welche Zwecke diese verwendet werden.<\/p>\n<p>Diese Datenschutzerkl\u00e4rung gilt f\u00fcr das Internetangebot der Sprachschule Deutsch-richtig, welches unter der Domain www.deutsch-richtig.de sowie den verschiedenen Subdomains (\u201eunsere Website&#8221;) erreichbar ist.<\/p>\n<p>Verantwortlicher f\u00fcr die Verarbeitung personenbezogener Daten im Sinne der EU-Datenschutz-Grundverordnung (DSGVO):<\/p>\n<h3>Wer ist verantwortlich und wie erreiche ich Sie?<\/h3>\nSprachschule Deutsch-richtig, Inhaberin Katrin Vogel<br \/>\nNetzestra\u00dfe 32<br \/>\n71638 Ludwigsburg-Gr\u00fcnb\u00fchl<br \/>\n07141 29808-09<br \/>\ninfo@deutsch-richtig.de<br \/>\n<strong><br \/>\nDatenschutzbeauftragter:<\/strong><br \/>\nDIP Datenschutz GmbH<br \/>\nPhilipp N\u00e4gele<br \/>\n<a href=\"mailto:naegele@dip-datenschutz.com\">naegele@dip-datenschutz.com<\/a>\n<h3>Worum geht es?<\/h3>\n<p>Diese Datenschutzerkl\u00e4rung erf\u00fcllt die gesetzlichen Anforderungen an die Transparenz bei der Verarbeitung personenbezogener Daten. Dies sind alle Informationen, die sich auf eine identifizierte oder identifizierbare nat\u00fcrliche Person beziehen. Hierzu geh\u00f6ren beispielsweise Informationen wie Ihr Name, Ihr Alter, Ihre Anschrift, Ihre Telefonnummer, Ihr Geburtsdatum, Ihre E-Mail-Adresse, Ihre IP-Adresse oder das Nutzerverhalten beim Besuch einer Website. Informationen, bei denen wir keinen (oder nur mit einem unverh\u00e4ltnism\u00e4\u00dfigen Aufwand) Bezug zu Ihrer Person herstellen k\u00f6nnen, z.B. durch Anonymisierung, sind keine personenbezogenen Daten. Die Verarbeitung von personenbezogenen Daten (bspw. das Erheben, das Abfragen, die Verwendung, die Speicherung oder die \u00dcbermittlung) bedarf immer einer gesetzlichen Grundlage und eines definierten Zwecks.<\/p>\n<p>Gespeicherte personenbezogene Daten werden gel\u00f6scht, sobald der Zweck der Verarbeitung erreicht wurde und es keine rechtm\u00e4\u00dfigen Gr\u00fcnde f\u00fcr eine weitere Aufbewahrung der Daten gibt. Wir informieren Sie in den einzelnen Verarbeitungsvorg\u00e4ngen \u00fcber die konkreten Speicherfristen bzw. Kriterien f\u00fcr die Speicherung. Unabh\u00e4ngig davon speichern wir Ihre personenbezogenen in Einzelf\u00e4llen zur Geltendmachung, Aus\u00fcbung oder Verteidigung von Rechtsanspr\u00fcchen und bei Vorliegen gesetzlicher Aufbewahrungspflichten.<\/p>\n<h3>Wer bekommt meine Daten?<\/h3>\n<p>Wir geben Ihre personenbezogenen Daten, die wir auf unserer Website verarbeiten nur dann an Dritte weiter, wenn dies f\u00fcr die Erf\u00fcllung der Zwecke erforderlich ist und im Einzelfall von der Rechtsgrundlage (z.B. Einwilligung oder Wahrung berechtigter Interessen) erfasst ist. Dar\u00fcber hinaus geben wir im Einzelfall personenbezogene Daten an Dritte weiter, wenn dies der Geltendmachung, Aus\u00fcbung oder Verteidigung von Rechtsanspr\u00fcchen dient. M\u00f6gliche Empf\u00e4nger k\u00f6nnen dann z.B. Strafverfolgungsbeh\u00f6rden, Rechtsanw\u00e4lte, Wirtschaftspr\u00fcfer, Gerichte usw. sein.<\/p>\nSoweit wir f\u00fcr den Betrieb unserer Website Dienstleister einsetzen, die im Rahmen einer Auftragsverarbeitung in unserem Auftrag personenbezogene Daten gem. Art. 28 DSGVO verarbeiten, k\u00f6nnen diese Empf\u00e4nger Ihrer personenbezogenen Daten sein. N\u00e4here Informationen zum Einsatz von Auftragsverarbeitern sowie von Webdiensten erhalten Sie in der \u00dcbersicht der einzelnen Verarbeitungsvorg\u00e4nge.<br \/>\n\n<h3>Welche Rechte habe ich?<\/h3>\n<p>Unter den Voraussetzungen der gesetzlichen Vorschriften der Datenschutz-Grundverordnung (DSGVO) sowie des Bundesdatenschutzgesetzes (BDSG) haben Sie als betroffene Person folgende Rechte:<\/p>\n<ul>\n<li>Auskunft gem. Art. 15 DSGVO, \u00a7 34 BDSG \u00fcber die zu Ihrer Person gespeicherten Daten in Form von aussagekr\u00e4ftigen Informationen zu den Einzelheiten der Verarbeitung sowie eine Kopie Ihrer Daten;<\/li>\n<li>Berichtigung gem. Art. 16 DSGVO von unrichtigen oder unvollst\u00e4ndigen Daten, die bei uns gespeichert sind;<\/li>\n<li>L\u00f6schung gem. Art. 17 DSGVO der bei uns gespeicherten Daten, soweit die Verarbeitung nicht zur Aus\u00fcbung des Rechts auf freie Meinungs\u00e4u\u00dferung und Information, zur Erf\u00fcllung einer rechtlichen Verpflichtung, aus Gr\u00fcnden des \u00f6ffentlichen Interesses oder zur Geltendmachung, Aus\u00fcbung oder Verteidigung von Rechtsanspr\u00fcchen erforderlich ist;<\/li>\n<li>Einschr\u00e4nkung der Verarbeitung gem. Art. 18 DSGVO, soweit die Richtigkeit der Daten bestritten wird, die Verarbeitung unrechtm\u00e4\u00dfig ist, wir die Daten nicht mehr ben\u00f6tigen und Sie deren L\u00f6schung ablehnen, weil Sie diese zur Geltendmachung, Aus\u00fcbung oder Verteidigung von Rechtsanspr\u00fcchen ben\u00f6tigen oder Sie Widerspruch gegen die Verarbeitung gem. Art. 21 DSGVO erhoben haben.<\/li>\n<li>Daten\u00fcbertragbarkeit gem. Art. 20 DSGVO, soweit Sie uns personenbezogene Daten im Rahmen einer Einwilligung gem. Art. 6 Abs. 1 lit. a DSGVO oder auf Grundlage eines Vertrages gem. Art. 6 Abs. 1 lit. b DSGVO bereitgestellt haben und diese durch uns mithilfe automatisierter Verfahren verarbeitet wurden. Sie erhalten Ihre Daten in einem strukturierten, g\u00e4ngigen und maschinenlesbaren Format bzw. wir \u00fcbermitteln die Daten direkt an einen anderen Verantwortlichen, soweit dies technsich machbar ist.<\/li>\n<li>Widerspruch gem. Art. 21 DSGVO gegen die Verarbeitung Ihrer personenbezogenen Daten, soweit diese auf Grundlage des Art. 6 Abs. 1 lit. e, f DSGVO erfolgt und daf\u00fcr Gr\u00fcnde vorliegen, die sich aus Ihrer besonderen Situation ergeben oder sich der Widerspruch gegen Direktwerbung richtet. Das Recht auf Widerspruch besteht nicht, wenn \u00fcberwiegende, zwingende schutzw\u00fcrdige Gr\u00fcnde f\u00fcr die Verarbeitung nachgewiesen werden oder die Verarbeitung zur Geltendmachung, Aus\u00fcbung oder Verteidigung von Rechtsanspr\u00fcchen erfolgt. Soweit das Recht auf Widerspruch bei einzelnen Verarbeitungsvorg\u00e4ngen nicht besteht, ist dies dort angegeben.<\/li>\n<li>Widerruf gem. Art. 7 Abs. 3 DSGVO Ihrer erteilten Einwilligung mit Wirkung f\u00fcr die Zukunft.<\/li>\n<li>Beschwerde gem. Art. 77 DSGVO bei einer Aufsichtsbeh\u00f6rde, wenn Sie der Ansicht sind, die Verarbeitung Ihrer personenbezogenen Daten verst\u00f6\u00dft gegen die DSGVO. In der Regel k\u00f6nnen Sie sich an die Aufsichtsbeh\u00f6rde Ihres \u00fcblichen Aufenthaltsortes, Ihres Arbeitsplatzes oder unseres Unternehmenssitzes wenden.<\/li>\n<\/ul>\n<h3>Wie werden meine Daten im Einzelnen verarbeitet?<\/h3>\n<p>Nachfolgend informieren wir Sie \u00fcber die einzelnen Verarbeitungsvorg\u00e4nge, den Umfang und den Zweck der Datenverarbeitung, die Rechtsgrundlage, die Pflicht zur Bereitstellung Ihrer Daten und die jeweilige Speicherdauer. Eine automatisierte Entscheidung im Einzelfall, einschlie\u00dflich Profiling findet nicht statt.<\/p>\n<p>&nbsp;<\/p>\n<h2>Bereitstellung der Website<\/h2>\n<h3>Art und Umfang der Verarbeitung<\/h3>\n<p>Bei Aufruf und Nutzung unserer Website erheben wir die personenbezogenen Daten, die Ihr Browser automatisch an unseren Server \u00fcbermittelt. Die folgenden Informationen werden tempor\u00e4r in einem sog. Logfile gespeichert:<\/p>\n<ul>\n<li>IP-Adresse des anfragenden Rechners<\/li>\n<li>Datum und Uhrzeit des Zugriffs<\/li>\n<li>Name und URL der abgerufenen Datei<\/li>\n<li>Website, von der aus der Zugriff erfolgt (Referrer-URL)<\/li>\n<li>Verwendeter Browser und ggf. das Betriebssystem Ihres Rechners, sowie der Name Ihres Access-Providers<\/li>\n<\/ul>\n<p>Unsere Website wird nicht von uns selbst gehostet, sondern bei einem Dienstleister, der f\u00fcr den Zweck der Bereitstellung der Website die zuvor genannten Daten in unserem Auftrag gem. Art. 28 DSGVO verarbeitet.<\/p>\n<h3>Zweck und Rechtsgrundlage<\/h3>\n<p>Die Verarbeitung erfolgt zur Wahrung unseres \u00fcberwiegenden berechtigten Interesses zur Anzeige unserer Website und Gew\u00e4hrleistung der Sicherheit und Stabilit\u00e4t auf Grundlage des Art. 6 Abs. lit. f DSGVO. Die Erfassung der Daten und die Speicherung in Logfiles ist f\u00fcr den Betrieb der Website zwingend erforderlich. Ein Widerspruchsrecht gegen die Verarbeitung besteht aufgrund der Ausnahme nach Art. 21 Abs. 1 DSGVO nicht. Soweit die weitergehende Speicherung der Logfiles gesetzlich vorgeschrieben ist, erfolgt die Verarbeitung auf Grundlage des Art. 6 Abs. 1 lit. c DSGVO. Es besteht keine gesetzliche oder vertragliche Pflicht zur Bereitstellung der Daten, allerdings ist der Aufruf unserer Website ohne Bereitstellung der Daten technisch nicht m\u00f6glich.<\/p>\n<h3>Speicherdauer<\/h3>\n<p>Die vorgenannten Daten werden f\u00fcr die Dauer der Anzeige der Website gespeichert.<\/p>\n<p>&nbsp;<\/p>\n<h2>Kontaktformular<\/h2>\n<h3>Art und Umfang der Verarbeitung<\/h3>\n<p>Auf unserer Webseite bieten wir Ihnen an, \u00fcber ein bereitgestelltes Formular mit uns in Kontakt zu treten. Die Informationen, die \u00fcber Pflichtfelder erhoben werden, sind erforderlich, um die Anfrage bearbeiten zu k\u00f6nnen. Dar\u00fcber hinaus k\u00f6nnen Sie freiwillig zus\u00e4tzliche Informationen bereitstellen, die aus Ihrer Sicht f\u00fcr die Bearbeitung der Kontaktanfrage notwendig sind.<\/p>\n<p>Bei der Nutzung des Kontaktformulars erfolgt keine Weitergabe Ihrer personenbezogenen Daten an Dritte.<\/p>\n<h3>Zweck und Rechtsgrundlage<\/h3>\n<p>Die Verarbeitung Ihrer Daten durch Nutzung unseres Kontaktformulars erfolgt zum Zweck der Kommunikation und Bearbeitung Ihrer Anfrage auf Grundlage Ihrer Einwilligung gem. Art. 6 Abs. 1 lit. a DSGVO. Soweit sich Ihre Anfrage auf ein bestehendes Vertragsverh\u00e4ltnis mit uns bezieht, erfolgt die Verarbeitung zum Zweck der Vertragserf\u00fcllung auf Grundlage des Art. 6 Abs. 1 lit. b DSGVO. Es besteht keine gesetzliche oder vertragliche Pflicht zur Bereitstellung Ihrer Daten, jedoch ist die Bearbeitung Ihrer Anfrage ohne die Bereitstellung der Informationen der Pflichtfelder nicht m\u00f6glich. Soweit Sie diese Daten nicht bereitstellen m\u00f6chten, kontaktieren Sie uns bitte mit anderen Mitteln.<\/p>\n<h3>Speicherdauer<\/h3>\n<p>Soweit Sie das Kontaktformular auf Grundlage Ihrer Einwilligung verwenden, speichern wir die erhobenen Daten jeder Anfrage f\u00fcr die Dauer von drei Jahren, beginnend mit der Erledigung Ihrer Anfrage oder bis zum Widerruf Ihrer Einwilligung.<\/p>\n<p>&nbsp;<\/p>\n<h2>Google Analytics<\/h2>\n<h3>Art und Umfang der Verarbeitung<\/h3>\n<p>Wir verwenden Google Analytics von Google LLC, Gordon House, Barrow Street, Dublin 4, Irland, als Analysedienst zur statistischen Auswertung unseres Onlineangebotes. Diese umfasst beispielsweise die Anzahl der Aufrufe unseres Onlineangebotes, besuchte Unterseiten und die Verweildauer von Besuchern.<\/p>\n<p>Google Analytics nutzt Cookies und weitere Browser-Technologien, um Nutzerverhalten auszuwerten und Nutzer wiederzuerkennen.<\/p>\n<p>Diese Informationen werden unter anderem genutzt, um Berichte \u00fcber die Aktivit\u00e4t der Website zusammenzustellen.<\/p>\n<h3>Zweck und Rechtsgrundlage<\/h3>\n<p>Wir verarbeiten Daten mit Hilfe von Google Analytics zum Zweck der Optimierung unserer Website und f\u00fcr Marketingzwecke auf Grundlage Ihrer Einwilligung gem. Art. 6 Abs. 1 lit. a. DSGVO.<\/p>\n<h3>Speicherdauer<\/h3>\n<p>Die konkrete Speicherdauer der verarbeiteten Daten ist nicht durch uns beeinflussbar, sondern wird von Google LLC bestimmt. Weitere Hinweise finden Sie in der Datenschutzerkl\u00e4rung f\u00fcr Google Analytics: <a href=\"https:\/\/policies.google.com\/privacy?hl=de-DE\" target=\"_blank\" rel=\"noopener\">https:\/\/policies.google.com\/privacy?hl=de-DE<\/a>.<\/p>\n<p>&nbsp;<\/p>\n<h2>Google CDN<\/h2>\n<h3>Art und Umfang der Verarbeitung<\/h3>\n<p>Wir verwenden zur ordnungsgem\u00e4\u00dfen Bereitstellung der Inhalte unserer Website Google CDN. Google CDN ist ein Dienst der Google LLC, welcher auf unserer Website als Content Delivery Network (CDN) fungiert.<\/p>\n<p>Ein CDN tr\u00e4gt dazu bei, Inhalte unseres Onlineangebotes, insbesondere Dateien wie Grafiken oder Skripte, mit Hilfe regional oder international verteilter Server schneller bereitzustellen. Wenn Sie auf diese Inhalte zugreifen, stellen Sie eine Verbindung zu Servern der Google LLC, Gordon House, Barrow Street, Dublin 4, Irland her, wobei Ihre IP-Adresse und ggf. Browserdaten wie Ihr User-Agent \u00fcbermittelt werden. Diese Daten werden ausschlie\u00dflich zu den oben genannten Zwecken und zur Aufrechterhaltung der Sicherheit und Funktionalit\u00e4t von Google CDN verarbeitet.<\/p>\n<h3>Zweck und Rechtsgrundlage<\/h3>\n<p>Die Nutzung des Content Delivery Networks erfolgt auf Grundlage unserer berechtigten Interessen, d.h. Interesse an einer sicheren und effizienten Bereitstellung sowie der Optimierung unseres Onlineangebotes gem\u00e4\u00df Art. 6 Abs. 1 lit. f. DSGVO.<\/p>\n<h3>Speicherdauer<\/h3>\n<p>Die konkrete Speicherdauer der verarbeiteten Daten ist nicht durch uns beeinflussbar, sondern wird von Google LLC bestimmt. Weitere Hinweise finden Sie in der Datenschutzerkl\u00e4rung f\u00fcr Google CDN: <a href=\"https:\/\/policies.google.com\/privacy\" target=\"_blank\" rel=\"noopener\">https:\/\/policies.google.com\/privacy<\/a>.<\/p>\n<p>&nbsp;<\/p>\n<h2>Google Fonts<\/h2>\n<h3>Art und Umfang der Verarbeitung<\/h3>\n<p>Wir verwenden Google Fonts von Google LLC, Gordon House, Barrow Street, Dublin 4, Irland, als Dienst zur Bereitstellung von Schriftarten f\u00fcr unser Onlineangebot. Um diese Schriftarten zu beziehen, stellen Sie eine Verbindung zu Servern von Google LLC her, wobei Ihre IP-Adresse \u00fcbertragen wird.<\/p>\n<h3>Zweck und Rechtsgrundlage<\/h3>\n<p>Die Nutzung von Google Fonts erfolgt auf Grundlage unserer berechtigten Interessen, d.h. Interesse an einer einheitlichen Bereitstellung sowie der Optimierung unseres Onlineangebotes gem\u00e4\u00df Art. 6 Abs. 1 lit. f. DSGVO.<\/p>\n<h3>Speicherdauer<\/h3>\n<p>Die konkrete Speicherdauer der verarbeiteten Daten ist nicht durch uns beeinflussbar, sondern wird von Google LLC bestimmt. Weitere Hinweise finden Sie in der Datenschutzerkl\u00e4rung f\u00fcr Google Fonts: <a href=\"https:\/\/policies.google.com\/privacy\" target=\"_blank\" rel=\"noopener\">https:\/\/policies.google.com\/privacy<\/a>.<\/p>\n<p>&nbsp;<\/p>\n<h2>Google Maps<\/h2>\n<h3>Art und Umfang der Verarbeitung<\/h3>\n<p>Wir verwenden zur Erstellung von Anfahrtsbeschreibungen den Kartendienst Google Maps. Google Maps ist ein Dienst der Google LLC, welcher auf unserer Website eine Karte darstellt.<\/p>\n<p>Wenn Sie auf diese Inhalte unserer Website zugreifen, stellen Sie eine Verbindung zu Servern der Google LLC, Gordon House, Barrow Street, Dublin 4, Irland her, wobei Ihre IP-Adresse und ggf. Browserdaten wie Ihr User-Agent \u00fcbermittelt werden. Diese Daten werden ausschlie\u00dflich zu den oben genannten Zwecken und zur Aufrechterhaltung der Sicherheit und Funktionalit\u00e4t von Google Maps verarbeitet.<\/p>\n<h3>Zweck und Rechtsgrundlage<\/h3>\n<p>Nutzung von Google Maps erfolgt auf Grundlage unserer berechtigten Interessen gem\u00e4\u00df Art. 6 Abs. 1 lit. f. DSGVO, d.h. unserem Interesse daran, Ihnen die Anfahrt zu auf der Website genannten Standorten zu vereinfachen.<\/p>\n<h3>Speicherdauer<\/h3>\n<p>Die konkrete Speicherdauer der verarbeiteten Daten ist nicht durch uns beeinflussbar, sondern wird von Google LLC bestimmt. Weitere Hinweise finden Sie in der Datenschutzerkl\u00e4rung f\u00fcr Google Maps: <a href=\"https:\/\/policies.google.com\/privacy\" target=\"_blank\" rel=\"noopener\">https:\/\/policies.google.com\/privacy<\/a>.<\/p>\n<p>&nbsp;<\/p>\n<h2>Google Tag Manager<\/h2>\n<h3>Art und Umfang der Verarbeitung<\/h3>\n<p>Wir nutzen den Google Tag Manager der Google LLC, Gordon House, Barrow Street, Dublin 4, Irland. Google Tag Manager wird verwendet, um Website-Tags \u00fcber eine Oberfl\u00e4che zu verwalten und erm\u00f6glicht es uns, die genaue Integration von Diensten auf unserer Website zu steuern und Daten zu sammeln.<\/p>\n<p>Dies gestattet uns zus\u00e4tzliche Dienste flexibel zu integrieren und den Zugriff der Benutzer auf unsere Website auszuwerten.<\/p>\n<h3>Zweck und Rechtsgrundlage<\/h3>\n<p>Die Nutzung von Google Tag Manager erfolgt auf Grundlage unserer berechtigten Interessen, d.h. Interesse an der Optimierung unserer Dienste gem\u00e4\u00df Art. 6 Abs. 1 lit. f. DSGVO.<\/p>\n<h3>Speicherdauer<\/h3>\n<p>Die konkrete Speicherdauer der verarbeiteten Daten ist nicht durch uns beeinflussbar, sondern wird von Google LLC bestimmt. Weitere Hinweise finden Sie in der Datenschutzerkl\u00e4rung f\u00fcr Google Tag Manager: <a href=\"https:\/\/www.google.de\/tagmanager\/use-policy.html\" target=\"_blank\" rel=\"noopener\">https:\/\/www.google.de\/tagmanager\/use-policy.html<\/a>.<\/p>\n<p>&nbsp;<\/p>\n<h2>Google reCAPTCHA<\/h2>\n<h3>Art und Umfang der Verarbeitung<\/h3>\n<p>Wir haben auf unserer Website Komponenten von Google reCAPTCHA integriert. Google reCAPTCHA ist ein Dienst der Google Ireland Limited und erm\u00f6glicht uns zu unterscheiden, ob eine Kontaktanfrage von einer nat\u00fcrlichen Person stammt oder automatisiert mittels eines Programmes geschieht. Wenn Sie auf diese Inhalte zugreifen, stellen Sie eine Verbindung zu Servern der Google Ireland Limited, Gordon House, Barrow Street, Dublin 4, Irland her, wobei Ihre IP-Adresse und ggf. Browserdaten wie Ihr User-Agent \u00fcbermittelt werden. Desweiteren zeichnet Google reCAPTCHA die Verweildauer und Mausbewegungen des Nutzers auf, um automatisierte Anfragen von menschlichen zu unterscheiden. Diese Daten werden ausschlie\u00dflich zu den oben genannten Zwecken und zur Aufrechterhaltung der Sicherheit und Funktionalit\u00e4t von Google reCAPTCHA verarbeitet.<\/p>\n<h3>Zweck und Rechtsgrundlage<\/h3>\n<p>Die Nutzung des Dienstes erfolgt auf Grundlage unserer berechtigten Interessen, d.h. zum Schutz bei der \u00dcbermittlung von Formularen gem\u00e4\u00df Art. 6 Abs. 1 lit. f. DSGVO.<\/p>\n<h3>Speicherdauer<\/h3>\n<p>Die konkrete Speicherdauer der verarbeiteten Daten ist nicht durch uns beeinflussbar, sondern wird von Google Ireland Limited bestimmt. Weitere Hinweise finden Sie in der Datenschutzerkl\u00e4rung f\u00fcr Google reCAPTCHA:\u00a0<a href=\"https:\/\/policies.google.com\/privacy?hl=en-US\" target=\"_blank\" rel=\"noopener\">https:\/\/policies.google.com\/privacy?hl=en-US<\/a>.<\/p>\n<p>&nbsp;<\/p>\n<h2>Gravatar<\/h2>\n<h3>Art und Umfang der Verarbeitung<\/h3>\n<p>Wir verwenden zur ordnungsgem\u00e4\u00dfen Bereitstellung der Inhalte unserer Website Gravatar. Gravatar ist ein Dienst der Automattic Inc., welcher auf unserer Website als Content Delivery Network (CDN) fungiert.<\/p>\n<p>Ein CDN tr\u00e4gt dazu bei, Inhalte unseres Onlineangebotes, insbesondere Dateien wie Grafiken oder Skripte, mit Hilfe regional oder international verteilter Server schneller bereitzustellen. Wenn Sie auf diese Inhalte zugreifen, stellen Sie eine Verbindung zu Servern der Automattic Inc., San Francisco, California, US her, wobei Ihre IP-Adresse und ggf. Browserdaten wie Ihr User-Agent \u00fcbermittelt werden. Diese Daten werden ausschlie\u00dflich zu den oben genannten Zwecken und zur Aufrechterhaltung der Sicherheit und Funktionalit\u00e4t von Gravatar verarbeitet.<\/p>\n<h3>Zweck und Rechtsgrundlage<\/h3>\n<p>Die Nutzung des Content Delivery Networks erfolgt auf Grundlage unserer berechtigten Interessen, d.h. Interesse an einer sicheren und effizienten Bereitstellung sowie der Optimierung unseres Onlineangebotes gem\u00e4\u00df Art. 6 Abs. 1 lit. f. DSGVO.<\/p>\n<h3>Speicherdauer<\/h3>\n<p>Die konkrete Speicherdauer der verarbeiteten Daten ist nicht durch uns beeinflussbar, sondern wird von Automattic Inc. bestimmt. Weitere Hinweise finden Sie in der Datenschutzerkl\u00e4rung f\u00fcr Gravatar: <a href=\"https:\/\/automattic.com\/privacy\/\" target=\"_blank\" rel=\"noopener\">https:\/\/automattic.com\/privacy\/<\/a>.<\/p>\n<p>&nbsp;<\/p>\n<h2>WordPress<\/h2>\n<h3>Art und Umfang der Verarbeitung<\/h3>\n<p>Wir verwenden zur ordnungsgem\u00e4\u00dfen Bereitstellung der Inhalte unserer Website WordPress CDN. WordPress CDN ist ein Dienst der Automattic Inc., welcher auf unserer Website als Content Delivery Network (CDN) fungiert.<\/p>\n<p>Ein CDN tr\u00e4gt dazu bei, Inhalte unseres Onlineangebotes, insbesondere Dateien wie Grafiken oder Skripte, mit Hilfe regional oder international verteilter Server schneller bereitzustellen. Wenn Sie auf diese Inhalte zugreifen, stellen Sie eine Verbindung zu Servern der Automattic Inc., San Francisco, California, US her, wobei Ihre IP-Adresse und ggf. Browserdaten wie Ihr User-Agent \u00fcbermittelt werden. Diese Daten werden ausschlie\u00dflich zu den oben genannten Zwecken und zur Aufrechterhaltung der Sicherheit und Funktionalit\u00e4t von WordPress CDN verarbeitet.<\/p>\n<h3>Zweck und Rechtsgrundlage<\/h3>\n<p>Die Nutzung des Content Delivery Networks erfolgt auf Grundlage unserer berechtigten Interessen, d.h. Interesse an einer sicheren und effizienten Bereitstellung sowie der Optimierung unseres Onlineangebotes gem\u00e4\u00df Art. 6 Abs. 1 lit. f. DSGVO.<\/p>\n<h3>Speicherdauer<\/h3>\n<p>Die konkrete Speicherdauer der verarbeiteten Daten ist nicht durch uns beeinflussbar, sondern wird von Automattic Inc. bestimmt. Weitere Hinweise finden Sie in der Datenschutzerkl\u00e4rung f\u00fcr WordPress CDN: <a href=\"https:\/\/automattic.com\/privacy\/\" target=\"_blank\" rel=\"noopener\">https:\/\/automattic.com\/privacy\/<\/a>.<\/p>\n<p>\u00a0<\/p>","protected":false},"excerpt":{"rendered":"<p>Datenschutzerkl\u00e4rung Wir freuen uns, dass Sie unsere Website besuchen. Der Schutz und die Sicherheit Ihrer pers\u00f6nlichen Informationen bei der Nutzung unserer Website ist f\u00fcr uns sehr wichtig. Wir m\u00f6chten Sie daher an dieser Stelle dar\u00fcber informieren, welche Ihrer personenbezogenen Daten wir beim Besuch unserer Website erfassen und f\u00fcr welche Zwecke diese verwendet werden. Diese Datenschutzerkl\u00e4rung [&hellip;]<\/p>","protected":false},"author":1,"featured_media":0,"parent":0,"menu_order":0,"comment_status":"closed","ping_status":"closed","template":"","meta":{"site-sidebar-layout":"no-sidebar","site-content-layout":"page-builder","ast-site-content-layout":"default","site-content-style":"default","site-sidebar-style":"default","ast-global-header-display":"","ast-banner-title-visibility":"","ast-main-header-display":"","ast-hfb-above-header-display":"","ast-hfb-below-header-display":"","ast-hfb-mobile-header-display":"","site-post-title":"disabled","ast-breadcrumbs-content":"","ast-featured-img":"disabled","footer-sml-layout":"","theme-transparent-header-meta":"default","adv-header-id-meta":"","stick-header-meta":"default","header-above-stick-meta":"","header-main-stick-meta":"","header-below-stick-meta":"","astra-migrate-meta-layouts":"default","ast-page-background-enabled":"default","ast-page-background-meta":{"desktop":{"background-color":"","background-image":"","background-repeat":"repeat","background-position":"center center","background-size":"auto","background-attachment":"scroll","background-type":"","background-media":"","overlay-type":"","overlay-color":"","overlay-opacity":"","overlay-gradient":""},"tablet":{"background-color":"","background-image":"","background-repeat":"repeat","background-position":"center center","background-size":"auto","background-attachment":"scroll","background-type":"","background-media":"","overlay-type":"","overlay-color":"","overlay-opacity":"","overlay-gradient":""},"mobile":{"background-color":"","background-image":"","background-repeat":"repeat","background-position":"center center","background-size":"auto","background-attachment":"scroll","background-type":"","background-media":"","overlay-type":"","overlay-color":"","overlay-opacity":"","overlay-gradient":""}},"ast-content-background-meta":{"desktop":{"background-color":"var(--ast-global-color-5)","background-image":"","background-repeat":"repeat","background-position":"center center","background-size":"auto","background-attachment":"scroll","background-type":"","background-media":"","overlay-type":"","overlay-color":"","overlay-opacity":"","overlay-gradient":""},"tablet":{"background-color":"var(--ast-global-color-5)","background-image":"","background-repeat":"repeat","background-position":"center center","background-size":"auto","background-attachment":"scroll","background-type":"","background-media":"","overlay-type":"","overlay-color":"","overlay-opacity":"","overlay-gradient":""},"mobile":{"background-color":"var(--ast-global-color-5)","background-image":"","background-repeat":"repeat","background-position":"center center","background-size":"auto","background-attachment":"scroll","background-type":"","background-media":"","overlay-type":"","overlay-color":"","overlay-opacity":"","overlay-gradient":""}},"footnotes":""},"class_list":["post-87","page","type-page","status-publish","hentry"],"_links":{"self":[{"href":"https:\/\/deutsch-richtig.de\/einfache_sprache\/wp-json\/wp\/v2\/pages\/87","targetHints":{"allow":["GET"]}}],"collection":[{"href":"https:\/\/deutsch-richtig.de\/einfache_sprache\/wp-json\/wp\/v2\/pages"}],"about":[{"href":"https:\/\/deutsch-richtig.de\/einfache_sprache\/wp-json\/wp\/v2\/types\/page"}],"author":[{"embeddable":true,"href":"https:\/\/deutsch-richtig.de\/einfache_sprache\/wp-json\/wp\/v2\/users\/1"}],"replies":[{"embeddable":true,"href":"https:\/\/deutsch-richtig.de\/einfache_sprache\/wp-json\/wp\/v2\/comments?post=87"}],"version-history":[{"count":7,"href":"https:\/\/deutsch-richtig.de\/einfache_sprache\/wp-json\/wp\/v2\/pages\/87\/revisions"}],"predecessor-version":[{"id":750,"href":"https:\/\/deutsch-richtig.de\/einfache_sprache\/wp-json\/wp\/v2\/pages\/87\/revisions\/750"}],"wp:attachment":[{"href":"https:\/\/deutsch-richtig.de\/einfache_sprache\/wp-json\/wp\/v2\/media?parent=87"}],"curies":[{"name":"wp","href":"https:\/\/api.w.org\/{rel}","templated":true}]}}